3 - -650?
645
In base 11, what is -8 - 2?
-a
In base 13, what is -47a9 + 4?
-47a5
In base 6, what is 150542 + 3?
150545
In base 5, what is -1 + -3044?
-3100
In base 9, what is 2 - 6388?
-6386
In base 13, what is -47c + 4?
-478
In base 2, what is 0 + 10001100?
10001100
In base 10, what is 8334 + -3?
8331
In base 13, what is -10 - -3?
-a
In base 14, what is -3 + 58?
55
In base 8, what is 31 + -127?
-76
In base 8, what is -164 - 0?
-164
In base 2, what is 1100100001000 - -1?
1100100001001
In base 14, what is -3d - -9?
-34
In base 4, what is 10 + 110?
120
In base 7, what is -342 + -1?
-343
In base 5, what is 12220 + -13?
12202
In base 8, what is -272 + 20?
-252
In base 6, what is -145 + -345?
-534
In base 16, what is -9 - 11?
-1a
In base 7, what is -5 - -6?
1
In base 10, what is 1391 - 3?
1388
In base 7, what is 4515 + -3?
4512
In base 9, what is -3 - -4?
1
In base 5, what is 1 + -13410?
-13404
In base 12, what is 110 + -16?
b6
In base 15, what is 2 - -73c?
73e
In base 11, what is 163 - 4?
15a
In base 15, what is -2 - -1e6?
1e4
In base 16, what is -f - c?
-1b
In base 3, what is -12 - -1202?
1120
In base 3, what is 1000120 + 201?
1001021
In base 6, what is 0 + -151?
-151
In base 13, what is -5c - 1?
-60
In base 11, what is -27 - 125?
-151
In base 5, what is -2434 - 3?
-2442
In base 5, what is -33120 - -10?
-33110
In base 15, what is -4 + 11?
c
In base 3, what is -10 - 1112?
-1122
In base 12, what is -91 - -4?
-89
In base 3, what is 1 - 1020?
-1012
In base 12, what is 5 - -76?
7b
In base 8, what is -5 - -157?
152
In base 9, what is 10 + -142?
-132
In base 7, what is 16 - -364?
413
In base 9, what is -2675 - 7?
-2683
In base 9, what is -2 + 3551?
3548
In base 12, what is -119 - 1?
-11a
In base 12, what is -5 - -77?
72
In base 7, what is -36 + 10?
-26
In base 3, what is 102 + -2001?
-1122
In base 15, what is 4 + -52?
-4d
In base 16, what is 144 + -45?
ff
In base 14, what is -4 - -c2?
bc
In base 5, what is -112 - 31?
-143
In base 5, what is -10223 - 0?
-10223
In base 11, what is -6 - -19?
13
In base 11, what is -519 - -5?
-514
In base 6, what is -1 + 144?
143
In base 13, what is -52 + -3?
-55
In base 11, what is -1 + 111?
110
In base 10, what is -13 - 6?
-19
In base 5, what is -313 + 11?
-302
In base 7, what is 224 + 11?
235
In base 2, what is -100 - 1110011010001?
-1110011010101
In base 11, what is -3 - 6482?
-6485
In base 10, what is -4558 + -3?
-4561
In base 4, what is -202130 - -31?
-202033
In base 4, what is -10 - 102320?
-102330
In base 2, what is -1110111 + -1101?
-10000100
In base 5, what is 1434 - 10?
1424
In base 13, what is -1 + -27?
-28
In base 3, what is 112202 - 2?
112200
In base 16, what is 9b + -7?
94
In base 8, what is -13 - 330?
-343
In base 7, what is 134 - 0?
134
In base 13, what is 57 - -5?
5c
In base 6, what is -1002 + 31?
-531
In base 9, what is 2 + 102?
104
In base 4, what is 202 - 21?
121
In base 8, what is -3 - 122?
-125
In base 12, what is 3a - 1?
39
In base 9, what is 1 - 10002?
-10001
In base 16, what is -23 - 1a?
-3d
In base 5, what is 14 - 14?
0
In base 4, what is 122010 + 2?
122012
In base 2, what is -10101010 + -110?
-10110000
In base 6, what is 140234 - -4?
140242
In base 16, what is -4f + 7?
-48
In base 16, what is 1b + 9a?
b5
In base 7, what is 2231 - -1?
2232
In base 7, what is 22 - -22?
44
In base 8, what is 2755 - -5?
2762
In base 6, what is -4 - -125?
121
In base 2, what is 1101111001 - 100?
1101110101
In base 3, what is -21 + -220101?
-220122
In base 14, what is -24 + 3?
-21
In base 10, what is 5 - 157?
-152
In base 4, what is 3 + -20?
-11
In base 8, what is 527 - 13?
514
In base 4, what is 111002 + 13?
111021
In base 3, what is 1120110 + -112?
1112221
In base 12, what is -8 + 31b?
313
In base 14, what is -378 + 4?
-374
In base 3, what is 11002022 + 2?
11002101
In base 7, what is 10 - -1323?
1333
In base 6, what is -435 + 5?
-430
In base 7, what is 312 + 3?
315
In base 9, what is -87 + -1?
-88
In base 8, what is 1560 - 0?
1560
In base 5, what is -11 - 142?
-203
In base 9, what is 37 - 204?
-156
In base 7, what is -1621 - 21?
-1642
In base 9, what is -3 + 76?
73
In base 9, what is 24 + -5?
18
In base 2, what is -11 - -1000011100000?
1000011011101
In base 2, what is -101 - -1000110?
1000001
In base 4, what is -1 - -3233?
3232
In base 4, what is 2 - -32130?
32132
In base 3, what is -1 + 10202211?
10202210
In base 4, what is 23 + 102?
131
In base 11, what is -1aa + -1?
-200
In base 11, what is 144 - -12?
156
In base 9, what is -2 - -3836?
3834
In base 6, what is -24402 + -1?
-24403
In base 16, what is 4 + -5b?
-57
In base 2, what is 1 + -110000101010?
-110000101001
In base 8, what is -1070 - -2?
-1066
In base 2, what is 10011111101 + -10?
10011111011
In base 10, what is 23 + 8?
31
In base 3, what is 102 - -112?
221
In base 3, what is 100 + 1211021?
1211121
In base 3, what is 1 + 12111021?
12111022
In base 12, what is 5 + -191?
-188
In base 7, what is 235 - 51?
154
In base 2, what is 10 - 1100110101001?
-1100110100111
In base 7, what is 42 + 5?
50
In base 10, what is -440 + -1?
-441
In base 13, what is -c + 3?
-9
In base 6, what is -225 - -424?
155
In base 11, what is 172 + 1?
173
In base 14, what is 393 + -4?
38d
In base 6, what is 11 - 1133?
-1122
In base 8, what is -712 - 4?
-716
In base 6, what is 5 - -10100?
10105
In base 7, what is 66 + -64?
2
In base 3, what is -2201 - 10?
-2211
In base 9, what is -260 - 4?
-264
In base 16, what is 9 - 5f4?
-5eb
In base 4, what is -2 - -1233?
1231
In base 2, what is -11100 + -10000?
-101100
In base 14, what is -a - 5?
-11
In base 6, what is 51 - -2?
53
In base 6, what is -452 + 15?
-433
In base 15, what is -50e2 - -5?
-50dc
In base 15, what is 2 + -20?
-1d
In base 9, what is 423 - 2?
421
In base 16, what is -3 - -a2?
9f
In base 5, what is 22 - -131?
203
In base 8, what is 1631 + -2?
1627
In base 3, what is -2000 + -101?
-2101
In base 14, what is 12 - 274?
-262
In base 5, what is 0 + 21?
21
In base 14, what is 2 + 42?
44
In base 7, what is 13 + 3123?
3136
In base 9, what is 7 + -3631?
-3623
In base 16, what is 0 - 1?
-1
In base 13, what is -3 + -111?
-114
In base 13, what is -30a - -3?
-307
In base 2, what is 1010 - 1100010?
-1011000
In base 3, what is 10120 + 1222?
12112
In base 8, what is 2 + -11602?
-11600
In base 14, what is -4 - 315?
-319
In base 9, what is 14 + 8?
23
In base 12, what is -5 + b44?
b3b
In base 2, what is -101010001101 - 11?
-101010010000
In base 13, what is 1b + -11?
a
In base 3, what is 12 + -1020?
-1001
In base 16, what is b7b - 4?
b77
In base 2, what is 0 - -101111?
101111
In base 6, what is 514 + 11?
525
In base 10, what is 76 - 9?
67
In base 13, what is 0 - -b?
b
In base 4, what is -103112 + 0?
-103112
In base 2, what is 11 - 100011100011?
-100011100000
In base 8, what is -4414 + 2?
-4412
In base 12, what is -7b - -46?
-35
In base 15, what is -17 - 1?
-18
In base 13, what is 112 + 0?
112
In base 2, what is -1 + -10011100001?
-10011100010
In base 2, what is -100111100111 + 100?
-100111100011
In base 4, what is -120 + 0?
-120
In base 8, what is -3 + -560?
-563
In base 2, what is 1011101011 + -1?
1011101010
In base 2, what is 1100 + -110111110?
-110110010
In base 6, what is -3 - 32043?
-32050
In base 14, what is 7 - -4?
b
In base 4, what is 1011 - 1030?
-13
In base 7, what is -4 + -1?
-5
In base 2, what is -110010001 + 1?
-110010000
In base 14, what is -7 - 21?
-28
In base 4, what is 11233 + -2?
11231
In base 12, what is 74 + 3?
77
In base 9, what is -8 + -406?
-415
In base 2, what is 10111100100 + 10?
10111100110
In base 13, what is -10 + -1a?
-2a
In base 16, what is 12 + 119?
12b
In base 8, what is 2024 - -5?
2031
In base 14, what is 12 + 109?
11b
In base 6, what is 5 - 351?
-342
In base 7, what is -1 - 52?
-53
In base 2, what is 11111 + 10000000?
10011111
In base 4, what is -10 + -11?
-21
In base 5, what is 10 + 10?
20
In base 7, what is 13 + -431?
-415
In base 12, what is -971 - 0?
-971
In base 9, what is -30 + 12?
-17
In base 8, what is 7 + -11?
-2
In base 7, what is -231 - 111?
-342
In base 5, what is 142 - 32?
110
In base 16, what is -5 - -11?
c
In base 4, what is -11 + 12?
1
In base 6, what is -13514 - -2?
-13512
In base 15, what is -211 - -4?
-20c
In base 6, what is 240040 - -3?
240043
In base 11, what is 287 - -2?
289
In base 13, what is -6